 - 3*d**3. Let w be x(-4). What is the units digit of 2 + -6 - (1*240)/w?
6
Suppose 0 = 160*r - 171*r + 4565. What is the hundreds digit of r?
4
Suppose 4*u = 5*w - 9, -4*u + 2*u = 2*w. What is the tens digit of w + 1211 + 18 + -22?
0
Let m(o) = 21*o**2 - 9*o - 17. Let u be m(-4). Let f = 16 - 4. Suppose f*h - 7*h = u. What is the units digit of h?
1
What is the hundreds digit of (-7878)/(-909)*14202/(-4)*1/(-3)?
2
Suppose -3*m + 16 = -2*n, 4*n - 1 = -m - 19. Let d(h) = -h**3 + h**2 + h + 17. What is the units digit of d(n)?
2
Let l(v) = 8724*v - 419. What is the tens digit of l(2)?
2
What is the thousands digit of 1/(1 + 18/(-8))*-3795?
3
Let k = -2462 + 4074. What is the tens digit of k?
1
Let s(p) = -9*p + 17. Let h be s(-8). Suppose 0 = 5*a - 2*c - 1877 - h, 3 = -c. What is the hundreds digit of a?
3
Suppose 0 = 25*c - 48045 - 397455. What is the tens digit of (0 - 0) + (-17)/((-204)/c)?
8
Let r be (-6)/15 + (-2)/(-5) + -125. Let o be (3 - r/(-45)) + 142/9. Suppose 5*l - 58 = 3*m + o, 0 = -5*l + 5*m + 80. What is the units digit of l?
3
Let s be (-12 - 9)*2/(-3). Suppose -s*g - 1141 = -21*g. What is the units digit of g?
3
Suppose 4*q = 2117 + 1311. Suppose -q + 4432 = 13*a. What is the hundreds digit of a?
2
Let l(h) = -5*h - 12. Let v be l(-3). Let j be (-6)/2 + (43 - 1). Suppose -v*s + 36 = -j. What is the units digit of s?
5
Let s(z) = -z**3 - 10*z**2 + 5*z + 7. Let f(y) = -y**3 + 5*y - 3. Let x be f(3). What is the thousands digit of s(x)?
1
Let p(q) = q**2 - 5*q + 37. Let f(y) = -y**2 + 6*y - 34. Let b(n) = -3*f(n) - 2*p(n). Let g = -18 + 18. What is the units digit of b(g)?
8
Let o(c) = 13*c**3 + 197*c**2 + c. What is the units digit of o(-13)?
9
What is the tens digit of (-3042 + -1)/(41 + (-43 - -1))?
4
Let c be 2/9 - 5*(-5936)/(-720). Let q(v) = -v**3 - 39*v**2 + 57*v + 14. What is the units digit of q(c)?
9
Suppose t - 4*c = 10533, 0 = t + 50*c - 55*c - 10535. What is the units digit of t?
5
Let s(p) = 19*p - 34. Let w be s(7). Let q = w + -97. Suppose -q*l - 2 = 0, -809 + 265 = -5*j - l. What is the units digit of j?
9
Suppose -3*o + 2278 = 4*r - 1902, 0 = -r - 3*o + 1045. What is the thousands digit of r?
1
Let w = -14322 + 26531. What is the tens digit of w?
0
Let k(d) = 363*d**3 + 42*d**2 - 43*d. What is the tens digit of k(1)?
6
Let g = 160905 + -89269. What is the tens digit of g?
3
Suppose 199968 = 10*l + 45629 - 243371. What is the hundreds digit of l?
7
What is the units digit of (((-9)/(-12))/((-6)/(-44)))/((-155)/(-306590))?
9
Let k(o) = -2*o**3 - 4*o**2 - 7*o - 4. Suppose -17 = -10*b - 67. What is the hundreds digit of k(b)?
1
Let t(y) = 62*y - 75. Let w(s) = -32*s + 37. Let o(i) = -3*t(i) - 5*w(i). What is the tens digit of o(-14)?
0
Suppose 34*s + 461316 = -21*s + 1390431. What is the thousands digit of s?
6
Suppose -607974 - 189426 = -25*v. What is the ten thousands digit of v?
3
Let f(t) = -2*t**3 - t**2 + 19*t + 82. Let z be f(-5). Suppose 0 = 3*s - 1 - z. What is the tens digit of s?
7
Let a be 349 + (-4 - -4)/9. Let r = a + -126. What is the hundreds digit of r?
2
Let p be (-2 + 485/(-10))*6. Let q = 668 - p. What is the tens digit of q?
7
Suppose q = -4 + 23. Let v(a) be the first derivative of a**3/3 - 8*a**2 - 2*a + 3. What is the tens digit of v(q)?
5
What is the thousands digit of (-75986)/(-14) - 279/(-651)?
5
Let h(l) = -23*l + 38. Let a be h(-8). Let s = 197 + a. What is the hundreds digit of s?
4
Suppose -3078 = 13*m - 30742. Suppose -9*b + m = 5*b. What is the tens digit of b?
5
Let m(b) = -b**3 + 116*b**2 + 222*b + 2158. What is the hundreds digit of m(118)?
5
Let n(u) = 21*u**2 - 8*u - 9. Let o be n(5). Suppose -y + 3*k = -701, -4*y - 2*k = -3350 + o. Suppose 248 = -3*r + y. What is the units digit of r?
6
Let l = 95 + -77. What is the hundreds digit of -2 + 1025/2 - 45/l?
5
Let o(c) be the second derivative of 3*c**5/5 - c**4/12 + c**3/2 - c**2/2 - 62*c. What is the tens digit of o(2)?
9
Suppose 0 = -2*f + 5*x - 29, 6 - 16 = f - x. Let z(o) = -2*o**3 - 9*o**2 - 8*o. What is the hundreds digit of z(f)?
3
Let f = 397 + -379. Suppose -493 = 17*o - f*o. What is the tens digit of o?
9
Let u(x) = -153*x - 20. Let r be u(10). What is the units digit of ((-96)/60)/(4/r)?
0
Suppose -25*r = -28*r + 1884. Let c be r*(5 - 34/8). Let y = c - 262. What is the hundreds digit of y?
2
Let j be (7 + 259/(-35))*-55. Suppose 3759 = -z + j*z. What is the tens digit of z?
7
Let a = -798 - -589. Let p = -20 - a. What is the units digit of p?
9
Suppose 0 = 3*z - 5*z - 6. Let n be -4 + (((-48)/4)/z - -3). Suppose 0*f = n*f - 492. What is the tens digit of f?
6
Let l(g) = 1974*g + 6. Let h be l(1). Suppose 9*b + h = 20*b. What is the hundreds digit of b?
1
Let i(z) = -z**3 - 3*z**2 - 2*z - 6. Let j(u) = u**2 + 15*u - 24. Let y be j(-17). Suppose y*d + 45 = d. What is the tens digit of i(d)?
5
What is the thousands digit of (8/(-24) - 23045/30)*(-18 - -12)?
4
Let d(w) = -133*w + 100. What is the tens digit of d(-14)?
6
Let s(z) = z**3 - z**2 + 7*z + 118. Let w(f) = f + 2. Let i(d) = s(d) - 3*w(d). What is the units digit of i(0)?
2
Let u(m) = m**3 - 29*m**2 - 20*m + 4. Let i be u(31). What is the hundreds digit of (-11)/22 + i/4 + 3?
3
Let v(k) = -3*k**3 - 3*k**2 - 2*k - 8. Let p be (-3)/7 - (-31)/7. Suppose -r - 9 = 2*w, p*w = -0*w + 4*r. What is the tens digit of v(w)?
5
Let p(d) = d**2 + 5*d + 2. Let s(t) = -t**2 - 12*t - 18. Let u be s(-11). Let m be p(u). What is the tens digit of 700/m + (11/(-4) - -3)?
4
Suppose 0 = -17*n + 16*n + 5. Suppose -567 - 1412 = -n*m + r, -2*m = 4*r - 774. What is the hundreds digit of m?
3
Suppose -10*y + 8*y = -10. Suppose -n - 7 = -2, -b = y*n - 124. What is the tens digit of b?
4
Let c(m) = m**3 - 8*m**2 + 94*m - 74. What is the hundreds digit of c(22)?
7
Suppose 0 = 2*t + 2, 3*g - 16213 = t - 5583. Let q = g - 1864. What is the hundreds digit of q?
6
Let s be (-2994)/(-15) - 14/(-35). Suppose -9*i = -13*i + s. Suppose -w + u = 4*w - 63, i = 4*w - u. What is the units digit of w?
3
What is the tens digit of 23458/7 - (-57)/(-399)?
5
Let m(t) = -5*t**2 - 10*t - 11. Let y(v) = 9*v**2 - 1 + 4 - 2 - v - 10*v**2. Let o(i) = m(i) - 6*y(i). What is the units digit of o(11)?
0
Let c = -27885 + 39535. What is the hundreds digit of c?
6
Let j = -47 + 57. Let r be 30/20 + j/4*1. Suppose -r*y + 78 = -2*v, y - 17 = -0*v + 3*v. What is the tens digit of y?
2
Let h = 4 + -3. Let p(a) = a + 26 - 15 + a + 3*a + 54*a**2 - 15. What is the tens digit of p(h)?
5
Suppose 594 = 5*z - 106. Suppose 8 + 8 = 4*c. Let p = z - c. What is the hundreds digit of p?
1
Let q(t) = -3528*t - 1194. What is the ten thousands digit of q(-5)?
1
Suppose -4*n - 249 = 435. Suppose 246 = -2*u - u. Let q = u - n. What is the units digit of q?
9
Suppose -238*y - 6*g = -241*y + 4359, -y + 5*g + 1444 = 0. What is the hundreds digit of y?
4
Suppose -234*g + 2613185 = -776324 - 217601. What is the tens digit of g?
1
Let f(n) = -14*n - 180. Let r be f(-23). Let t = 236 - r. What is the tens digit of t?
9
Suppose 25*w - 20*w - 10 = 0. Let o(s) = -7*s**2 + 6*s**w - 19*s - 20*s - 45 + 6*s. What is the tens digit of o(-29)?
7
Let l = -39 - -76. Let o = -39 + l. What is the tens digit of 8/(-2)*o/((-24)/(-183))?
6
Let t = -1435 + 1425. Let w(h) = 0 + h - 3*h - 5. What is the units digit of w(t)?
5
Suppose 133*c + 15612 = 65*c + 80*c. What is the units digit of c?
1
Let j be 470/141 + (-2)/6. Suppose -m + 1268 = -3*a + 92, 0 = -2*m + j*a + 2346. What is the units digit of m?
0
Suppose -35 = 8*n - 83. Let i(k) = 17*k**2 - 16*k + 97. What is the tens digit of i(n)?
1
What is the units digit of ((-644550)/375)/(1/(-5))?
4
Suppose -202*r = -206*r + 20. What is the hundreds digit of (-706)/(-4) + (-55)/10 + r?
1
Suppose -40*d = 68*d - 792828. What is the thousands digit of d?
7
Let k = 115 - 62. Let y = k - 51. Suppose 0 = -5*n - 4*o + 500, 159 = 4*n + y*o - 235. What is the units digit of n?
6
Let c(a) = 2*a - 11. Let j be c(18). Let t = j + 72. What is the units digit of t?
7
Let o = 86 - 71. Let n be (-11 - 2)/(o/(-120)). Let t = 262 - n. What is the hundreds digit of t?
1
Let a = -17403 + 25153. What is the hundreds digit of a?
7
Suppose -8 = -3*o + 5*n - 3, -4*o - 4*n = -60. What is the units digit of -7 + o - (-1 + 0)?
4
Suppose p + 0 +